1 - 5?
-23110
In base 9, what is 1 - -3?
4
In base 5, what is 2 + -110?
-103
In base 6, what is 1 + 11341?
11342
In base 16, what is 1 + 1?
2
In base 8, what is 22 + -76?
-54
In base 13, what is 5 - -23?
28
In base 12, what is 49b2 - -4?
49b6
In base 12, what is 1a1 + 1?
1a2
In base 5, what is 1 + 14?
20
In base 4, what is -13 - -21322?
21303
In base 12, what is b - 32?
-23
In base 16, what is -25 - ff?
-124
In base 12, what is -1 + b82?
b81
In base 7, what is 20 - 211?
-161
In base 7, what is -16 - 15?
-34
In base 8, what is 766 + -2?
764
In base 13, what is -143 + -12?
-155
In base 7, what is -13 + 32?
16
In base 13, what is 3786 - 5?
3781
In base 8, what is 3 + 50?
53
In base 13, what is 2616 - -3?
2619
In base 5, what is -12 + 112?
100
In base 14, what is d2 + 3?
d5
In base 3, what is 121111 - 12?
121022
In base 2, what is -100 + -1100110?
-1101010
In base 12, what is 5 + 165a?
1663
In base 10, what is 3 - 9?
-6
In base 11, what is 1 + -2?
-1
In base 10, what is -1 + -1145?
-1146
In base 15, what is 2 + -129d?
-129b
In base 6, what is -13 - -3?
-10
In base 9, what is -103 - -5?
-87
In base 12, what is 766 - 2?
764
In base 5, what is -34 - -3?
-31
In base 6, what is -3 - 413?
-420
In base 13, what is a - 58b?
-581
In base 13, what is -5 - -109?
104
In base 14, what is -288 + 2?
-286
In base 6, what is 4 + 14502?
14510
In base 5, what is 2 - -12024?
12031
In base 3, what is -11 + -220?
-1001
In base 7, what is 124 - -3?
130
In base 13, what is 419 - 3?
416
In base 3, what is 21 + -1?
20
In base 11, what is -2646 + 0?
-2646
In base 10, what is 57 - 8?
49
In base 6, what is -21520 - 11?
-21531
In base 6, what is -152 + 12?
-140
In base 14, what is -1a2 + -5?
-1a7
In base 12, what is -27b - 2?
-281
In base 4, what is 2323 + -2222?
101
In base 6, what is 2212 + -3?
2205
In base 16, what is 0 + 469?
469
In base 5, what is -132 + 4?
-123
In base 12, what is -15 - 177?
-190
In base 16, what is 86 - -34?
ba
In base 9, what is -26 - 17?
-44
In base 10, what is -21 + 71?
50
In base 16, what is -4 + 5a2?
59e
In base 8, what is 6600 + 2?
6602
In base 2, what is 101 + -1001010111?
-1001010010
In base 3, what is -20200 - -10?
-20120
In base 12, what is 38 - -278?
2b4
In base 16, what is -1e - -5f?
41
In base 13, what is 0 + -19?
-19
In base 13, what is -1 + -192?
-193
In base 3, what is 1020 + -11?
1002
In base 7, what is 3 + -16?
-13
In base 15, what is -4 + 5c?
58
In base 14, what is -5 + -180?
-185
In base 5, what is 2114 + 3?
2122
In base 8, what is -176 + -156?
-354
In base 13, what is 3 + 5?
8
In base 7, what is 105 + 1?
106
In base 7, what is 11 + -1?
10
In base 7, what is 255 - -2?
260
In base 16, what is -4 - -101?
fd
In base 3, what is -100 + 10?
-20
In base 15, what is 98 + -10?
88
In base 10, what is 1313 + 2?
1315
In base 6, what is 25 - -1?
30
In base 10, what is -6 - 96?
-102
In base 11, what is 26 - -14?
3a
In base 2, what is 1100 - -101?
10001
In base 12, what is -2 + -b7?
-b9
In base 7, what is -134 + -1?
-135
In base 2, what is 101 + 111?
1100
In base 15, what is -6 + -203?
-209
In base 11, what is -aa4 - 2?
-aa6
In base 12, what is 1 - 1b02?
-1b01
In base 10, what is 9 - 904?
-895
In base 3, what is -1110 - 20?
-1200
In base 5, what is 4010 + 14?
4024
In base 3, what is -102210 - -210?
-102000
In base 11, what is 5 - -116?
120
In base 13, what is -272 + -2?
-274
In base 7, what is -14 - -165?
151
In base 10, what is -7379 - 5?
-7384
In base 2, what is 11 + 11101010?
11101101
In base 14, what is -24 + -19b?
-1c1
In base 8, what is 5 - 3312?
-3305
In base 6, what is 1 + 2425?
2430
In base 8, what is 27 - -1?
30
In base 7, what is -62 - 3?
-65
In base 3, what is 21001 + 2?
21010
In base 9, what is -166 - -4?
-162
In base 4, what is -11 - 1020?
-1031
In base 13, what is 5 - 159a?
-1595
In base 16, what is -144 - -1e?
-126
In base 7, what is -2 + -110?
-112
In base 15, what is 0 - 3c?
-3c
In base 5, what is -3 - -43212?
43204
In base 9, what is -1738 - 2?
-1741
In base 16, what is 2 - -f2?
f4
In base 10, what is 2 + -215?
-213
In base 14, what is -1138 - -5?
-1133
In base 13, what is 1 - 39c?
-39b
In base 8, what is -1520 + 0?
-1520
In base 14, what is -97 - 5?
-9c
In base 5, what is 0 - 142?
-142
In base 3, what is -1 + 100021000?
100020222
In base 5, what is -22 + -10?
-32
In base 13, what is -6 - 205?
-20b
In base 16, what is -3 + -71?
-74
In base 9, what is -42 + -5?
-47
In base 13, what is 11 - -182?
193
In base 4, what is 2033201 + 10?
2033211
In base 7, what is 43 + -6?
34
In base 10, what is 4 + 134?
138
In base 7, what is 1 + 4435?
4436
In base 15, what is -4 - -3a8?
3a4
In base 6, what is 1 - 41254?
-41253
In base 13, what is 1b - 1?
1a
In base 10, what is -1 - -5037?
5036
In base 4, what is -10 + -311?
-321
In base 4, what is -12022112 - -2?
-12022110
In base 13, what is -2b9a + -5?
-2ba2
In base 16, what is 0 - -30b?
30b
In base 16, what is 183 - -1e?
1a1
In base 16, what is -208 + -9?
-211
In base 7, what is -220 - -116?
-101
In base 14, what is -2 - 10?
-12
In base 4, what is 32 - -10330?
11022
In base 15, what is b - -531?
53c
In base 5, what is 0 + 2?
2
In base 16, what is -56 - 2?
-58
In base 15, what is -120d - 4?
-1212
In base 3, what is -1 + 21021?
21020
In base 14, what is -39 + 5?
-34
In base 4, what is -3 - 22012?
-22021
In base 11, what is 21a + 1?
220
In base 7, what is 14 - -63?
110
In base 13, what is 373 - 5?
36b
In base 14, what is -1 + 4a?
49
In base 4, what is 103 + 33?
202
In base 13, what is 1c - 62?
-43
In base 9, what is 67 - 1?
66
In base 8, what is 256 + 7?
265
In base 12, what is -3 + -21?
-24
In base 5, what is 2 - -2400?
2402
In base 4, what is 20333 + -1?
20332
In base 16, what is 904 - -2?
906
In base 2, what is -1000100001 - -1?
-1000100000
In base 15, what is -79 + -2?
-7b
In base 15, what is e4 + 1?
e5
In base 7, what is 6 - -136?
145
In base 13, what is 4 + 45?
49
In base 15, what is -19 + -2?
-1b
In base 12, what is -108 - 0?
-108
In base 4, what is 201 - 1331?
-1130
In base 13, what is -2168 - 1?
-2169
In base 12, what is 1031 + -2?
102b
In base 6, what is -3240 - -30?
-3210
In base 12, what is -5 + -179?
-182
In base 12, what is -1a2 + -17?
-1b9
In base 14, what is 2 + 243?
245
In base 4, what is 1020 - 12?
1002
In base 4, what is -220 + 1123?
303
In base 14, what is 0 - -161?
161
In base 3, what is 101 + 110120?
110221
In base 13, what is 3 + -67?
-64
In base 10, what is 1 - -63?
64
In base 10, what is -3 + 160?
157
In base 2, what is -101001110011 - 0?
-101001110011
In base 16, what is 1f + 4?
23
In base 3, what is 220 - 11?
202
In base 3, what is 21 - -101212?
102010
In base 14, what is 5 + -b1b?
-b16
In base 9, what is -1 + -5466?
-5467
In base 9, what is -23 - 23?
-46
In base 4, what is -103 + -22?
-131
In base 14, what is 2 + 73?
75
In base 12, what is -ba - -5?
-b5
In base 15, what is 2 - -1ba?
1bc
In base 9, what is 172 + -21?
151
In base 11, what is -21 - 43a?
-460
In base 14, what is -974 - 1?
-975
In base 8, what is -140 - 27?
-167
In base 9, what is -4 + -61?
-65
In base 12, what is -223 + 2?
-221
In base 4, what is 2131 + 32?
2223
In base 12, what is -19bb - 1?
-1a00
In base 4, what is -11 - -101?
30
In base 2, what is -101 + -1?
-110
In base 13, what is -54 + 2b?
-26
In base 5, what is -2 + -13433?
-13440
In base 14, what is 72 + -9?
67
In base 3, what is 0 - 10212?
-10212
In base 7, what is 64 + 132?
226
In base 5, what is 3024 + -3?
3021
In base 9, what is -12 + -22?
-34
In base 3, what is -100 - 22010?
-22110
In base 10, what is -111 - -6?
-105
In base 10, what is 2700 + -1?
2699
In base 12, what is 3 + 8b?
92
In base 11, what is -3 - -584?
581
In base 8, what is 2115 - 0?
2115
In base 13, what is 111 - -3?
114
In base 9, what is -120 + 3?
-116
In base 15, what is 2 + 129e?
12a1
In base 4, what is -322331 + 2?
-322323
In base 11, what is 0 + 1a2?
1a2
In base 8, what is 751 - 1?
750
In base 6, what is 32055 - 1?
32054
In base 10, what is 190 - -10?
200
In base 8, what is -71 - -5?
-64
In base 13, what is -1 - 2?
-3
In base 4, what is -11 + -1032?
-1103
In base 2, what is -101 + -1101000011111?
-1101000100100
In base 13, what is c - 1c?
-10
In base 10, what is -22 - -103?
81
In base 8, what is -436 - 3?
-441
In base 2, what is -11 + 100110?
100011
In base 6, what is 2 - -4